visor of 4 and b?
2
Let j(a) = a**3 - 2*a**2 + 5*a - 5. Let q be j(2). Suppose q*d - 4*p = 216, 3*p = 4*p + 4. Calculate the greatest common factor of d and 60.
20
Let h(v) = -2 + 7 - 3 + 6*v - v**2. Let s be h(6). Suppose s*b + 66 = 5*b. Calculate the highest common divisor of 11 and b.
11
Let n(l) = 6*l**2 + 45*l + 36. Let y be n(-8). Let w(v) = 2*v**2 + 5*v - 12. Let u be w(-6). What is the greatest common divisor of u and y?
30
Suppose 21 - 1 = 4*d. Suppose 164 = 4*y + 2*z, -4*y + 4*z = -y - 112. Calculate the highest common divisor of d and y.
5
Let f = -9 + 7. Let t be 2*f*(-6)/12. Let w be 77 + t - (-44)/(-11). Calculate the highest common factor of 50 and w.
25
Let x = 71 - 39. Let w be x/(-40) + 372/15. What is the highest common divisor of 36 and w?
12
Let a(v) = 3 + 5 + 0*v - 19*v - 37*v. Let h be a(-2). What is the greatest common divisor of 15 and h?
15
Let h = 682 + -388. What is the highest common divisor of 42 and h?
42
Let h = -10 + 62. What is the greatest common divisor of 28 and h?
4
Let h = 369 + -215. Suppose 5*s + 4*z = h - 18, 0 = 3*s - 5*z - 52. Calculate the highest common factor of 8 and s.
8
Suppose -5*u + 14 = 2*u. Suppose -126 = -5*b - u*b. Calculate the highest common divisor of 18 and b.
18
Let b be (-1)/(-7) + (-434)/(-49). What is the greatest common factor of 12 and b?
3
Suppose -3*k + 15 = 5*d - 9, 71 = 5*k - 2*d. Calculate the greatest common factor of 637 and k.
13
Suppose 10*l + 12*l - 6688 = 0. Suppose -54 = -2*u + 4*m, -3*u + 39 = 3*m - 6. What is the greatest common divisor of u and l?
19
Suppose -18*v = -4444 - 146. Calculate the highest common divisor of v and 204.
51
Let z(o) = 16*o**2 + 93*o - 6. Let d be z(-6). Calculate the highest common factor of 384 and d.
12
Suppose -20*z + 1937 = -2463. Suppose 0 = y + 5*j + 7 - 37, 0 = -y - 2*j + 24. What is the highest common factor of z and y?
20
Suppose -2*k - 8*k = -920. What is the highest common factor of k and 69?
23
Let i = 74 - 28. Let a = i - 14. What is the greatest common divisor of 288 and a?
32
Suppose -18*x + 18 = -16*x - j, -5*x = -2*j - 45. What is the highest common divisor of x and 39?
3
Suppose 9*v - 3*v - 324 = 0. Let j(u) = -3*u + 5. Let d be j(-6). Suppose d = 2*m - 13. Calculate the highest common factor of m and v.
18
Let s(b) = -16*b - 15. Let x be s(-6). Let q be ((-54)/7)/(3/(-21)*1). Calculate the highest common factor of q and x.
27
Let i be 2*1/(0 - 1). Let q be (-1)/(i/28) - 2. Suppose 9*z = l + 7*z - 4, -3*l - 4*z = -22. What is the highest common factor of q and l?
6
Let a(i) = 3*i**2 - 7*i - 11. Let v be a(6). Let w(f) = 5*f**2 - 4*f**2 - 2*f + 2 - 1 + 5*f**2. Let d be w(1). Calculate the highest common divisor of v and d.
5
Suppose 3*q - 9 = -0*q. Suppose 114 = q*i + 3*i. What is the highest common factor of 19 and i?
19
Let w = 44 - 24. Suppose -178 = -3*z + w. Suppose y - z = -2*y. What is the greatest common divisor of y and 2?
2
Let a(s) = -s**2 - 3*s + 5. Let x be a(-4). Let b be (-4)/(x - 40/38). Let j be (-2)/(-2)*(-2 + 42/2). Calculate the highest common divisor of j and b.
19
Let o = 244 + -216. What is the highest common factor of 322 and o?
14
Let j = 112 + -93. Calculate the greatest common divisor of j and 190.
19
Let x(s) = -2*s**2 + 10*s - 8. Let o be x(4). Suppose o = -4*a + 5*c + 45, 15 = -2*c + 7*c. What is the greatest common divisor of a and 3?
3
Let x(c) = -c**3 + c**2 + 14*c - 7. Let p be x(-6). Let z be 15/(60/(-56))*2/(-4). What is the greatest common factor of p and z?
7
Let w(s) = -s**3 + 33*s**2 + 239*s + 29. Let v be w(38). What is the highest common divisor of 31 and v?
31
Suppose -2 = -0*l - l. Suppose -l*f - 2 = -4*z, 2*f - 4*z = -2*f + 16. Calculate the highest common divisor of f and 36.
9
Let x(d) = 3*d**2 + 6*d + 3. Let s be ((-6)/(-8))/(36/16 - 2). Let b be x(s). Calculate the highest common divisor of 24 and b.
24
Let g be ((-44)/176)/((-1)/80). Calculate the highest common divisor of g and 260.
20
Let i be 2*(-380)/(-35) + 2/7. Calculate the highest common factor of 77 and i.
11
Let p be (0 - (-2)/(-4))*1440/(-20). Calculate the highest common divisor of p and 132.
12
Let u = 243 + -108. Let r(y) = -y + 7. Suppose -32 = 2*t + 2*t. Let w be r(t). Calculate the greatest common divisor of w and u.
15
Suppose -37*d = -42*d + 10. Suppose -2*n = -0 - 4. Suppose -4*a = 4*t + 12, -3*a - 2*t = -n*a + 8. Calculate the highest common factor of a and d.
2
Suppose 0 = -p + 192 - 64. Let x = p + 25. Suppose -27*q = 2*r - 23*q - 58, -3*r + 81 = 5*q. What is the greatest common factor of x and r?
17
Suppose 2*n = 3*w + 1, 5*n - 3*w = -w + 19. Suppose n = b - 0. Suppose -b*k + 352 = -148. Calculate the highest common factor of k and 40.
20
Suppose 0*f + 2*f + 86 = 0. Let s = f + 56. What is the highest common divisor of 52 and s?
13
Suppose -2*w = j - 292 - 27, 2*j = 2*w - 328. Let q = -51 + w. Calculate the greatest common factor of q and 10.
10
Let s be (-2329)/119 + (-3)/7. Let b be 164/10 - s/(-50). What is the highest common divisor of b and 160?
16
Suppose -2*x - 24 = -8*x. Suppose -i = 3*m + i - 109, -x*m - 4*i + 152 = 0. What is the highest common factor of 33 and m?
33
Suppose -u - 6*z + 8*z + 1 = 0, 0 = -z + 5. Let j be -1 + -1 + -8 + -4. Let n = j - -25. What is the greatest common factor of u and n?
11
Let g(n) = 15*n + 2. Suppose p + 5*q + 13 = 2*p, -4*q = 4*p + 20. Let l be (-6)/9*(-1 + p). Let i be g(l). Calculate the greatest common factor of i and 4.
4
Let v = -31 - -91. Calculate the greatest common factor of v and 795.
15
Suppose 30 = 5*d - 4*t, 5*d - 5*t - 39 + 4 = 0. What is the highest common factor of 54 and d?
2
Let b be -1*(-4 - (-3 - -58)). Let v = -4 + b. Suppose 2*f - v = -t, 145 = 3*t - 0*t + 2*f. Calculate the highest common divisor of t and 18.
9
Let r(d) = d**3 + 7*d**2 + 7*d - 1. Let q be r(-4). Suppose -x + 0*u = -4*u - 5, -3*u + q = x. What is the highest common factor of x and 65?
13
Let m(i) be the second derivative of 8*i**3/3 - 9*i**2 + 23*i. Let p be m(6). What is the highest common factor of p and 117?
39
Let z be 3*(2 + 0 - -1). Suppose 0 = -m + 3*l - 14, 0*l - 25 = -5*m - 4*l. What is the highest common factor of m and z?
1
Suppose 10 = 3*m - 8. Suppose -34*u + m = -32*u. Let f be 147/6 - 1/2. Calculate the highest common factor of f and u.
3
Suppose -3*u + 12 = 2*s, 19 = 2*u + 3*s + 2*s. Calculate the highest common divisor of 26 and u.
2
Suppose -44*x - 2*x + 4554 = 0. Calculate the highest common factor of x and 72.
9
Let w(p) = p**2 - 13*p + 64. Let b be w(11). What is the highest common factor of b and 42?
42
Suppose 22*h - 4 = 23*h. Let v be 0/h - -99*(-1 - -2). Calculate the greatest common divisor of v and 33.
33
Let q(z) = -53*z + 1. Let i be q(2). Let c = -27 - i. What is the highest common divisor of c and 6?
6
Let p = -19 + 22. Suppose 5*d + 10 = 5*h, 0 = 5*h - p*d - 10 - 6. Suppose 4*a = 5*v - 10, -h*v - 3*a = -14 + 4. What is the highest common factor of 4 and v?
2
Let r(j) = -j**3 + 35*j**2 - 33*j - 9. Let l be r(34). Calculate the greatest common divisor of 200 and l.
25
Let k(o) = 18*o - 200. Let u be k(28). What is the greatest common factor of 114 and u?
38
Let k be (-4734)/(-8) + 42/(-56). Suppose -5*p - 91 = -k. Let h(z) = z**3 + 6*z**2 + 3*z + 2. Let w be h(-3). Calculate the greatest common factor of w and p.
20
Let i be (-3 + 11)/((-3)/(-285)). Suppose 7*k - 2*k = i. Calculate the greatest common divisor of k and 19.
19
Let i(k) = -15*k**3 - 5*k**2 + 11*k - 6. Let m be i(-5). Suppose 285 - m = -6*s. What is the greatest common divisor of 26 and s?
26
Suppose j + 5*w - 84 = 0, 4*w = 4*j + w - 244. What is the greatest common divisor of j and 64?
64
Let m = 85 - 75. Suppose -9*k - 28 = -m*k. What is the greatest common divisor of k and 70?
14
Suppose -s = -0*s - 3. Suppose 0 = s*u - 2*z + 73, -3*u + 3*z = 2*u + 120. Let p = u + 33. What is the greatest common divisor of p and 18?
6
Let j = 387 + -235. Let y be ((-1)/((-12)/18))/(3/j). What is the greatest common divisor of 190 and y?
38
Let y(t) = 2*t**3 + 16*t**2 + 8*t - 8. Let v be y(-4). Calculate the greatest common factor of v and 8.
8
Suppose 25*w = 8*w + 136. Calculate the greatest common divisor of 1832 and w.
8
Let r = -39 + 64. Let t = 4139 + -4129. What is the highest com